{"id":1071,"date":"2026-02-06T05:14:36","date_gmt":"2026-02-06T05:14:36","guid":{"rendered":"http:\/\/zskrosno.edu.pl\/?page_id=1071"},"modified":"2026-03-25T13:00:59","modified_gmt":"2026-03-25T13:00:59","slug":"nabor-do-klas-sportowych","status":"publish","type":"page","link":"https:\/\/zskrosno.edu.pl\/?page_id=1071","title":{"rendered":"Nab\u00f3r do I klasy sportowej"},"content":{"rendered":"\n<p>Zapraszamy kandydat\u00f3w klas I, kt\u00f3rzy kochaj\u0105 sport, chc\u0105 rozwija\u0107 pasje i talenty.<br>Gwarantujemy wykwalifikowan\u0105 kadr\u0119 i mn\u00f3stwo pozytywnej energii<\/p>\n\n\n\n<figure class=\"wp-block-image size-large\"><img loading=\"lazy\" decoding=\"async\" width=\"724\" height=\"1024\" src=\"http:\/\/zskrosno.edu.pl\/wp-content\/uploads\/2026\/03\/att.Owz4NEt8G4xgz_o6h0qXA0j_GP_zrMWTcDe02IwgbFQ-724x1024.jpeg\" alt=\"\" class=\"wp-image-1156\" srcset=\"https:\/\/zskrosno.edu.pl\/wp-content\/uploads\/2026\/03\/att.Owz4NEt8G4xgz_o6h0qXA0j_GP_zrMWTcDe02IwgbFQ-724x1024.jpeg 724w, https:\/\/zskrosno.edu.pl\/wp-content\/uploads\/2026\/03\/att.Owz4NEt8G4xgz_o6h0qXA0j_GP_zrMWTcDe02IwgbFQ-212x300.jpeg 212w, https:\/\/zskrosno.edu.pl\/wp-content\/uploads\/2026\/03\/att.Owz4NEt8G4xgz_o6h0qXA0j_GP_zrMWTcDe02IwgbFQ-768x1086.jpeg 768w, https:\/\/zskrosno.edu.pl\/wp-content\/uploads\/2026\/03\/att.Owz4NEt8G4xgz_o6h0qXA0j_GP_zrMWTcDe02IwgbFQ-1086x1536.jpeg 1086w, https:\/\/zskrosno.edu.pl\/wp-content\/uploads\/2026\/03\/att.Owz4NEt8G4xgz_o6h0qXA0j_GP_zrMWTcDe02IwgbFQ-764x1080.jpeg 764w, https:\/\/zskrosno.edu.pl\/wp-content\/uploads\/2026\/03\/att.Owz4NEt8G4xgz_o6h0qXA0j_GP_zrMWTcDe02IwgbFQ.jpeg 1448w\" sizes=\"(max-width: 724px) 100vw, 724px\" \/><\/figure>\n\n\n\n<p class=\"has-text-align-center\"><strong>Zapraszamy kandydat\u00f3w do I klasy sportowej. Rusza nab\u00f3r na rok szkolny 2026\/2027.&nbsp;To kolejny rocznik w naszej szkole, a&nbsp; dotychczasowe klasy sportowe to nie tylko aktywno\u015b\u0107 fizyczna i edukacja w jednym, ale te\u017c zgrany zesp\u00f3\u0142, motywacja i pozytywna energia \ud83d\ude42<\/strong><\/p>\n\n\n\n<p class=\"has-text-align-center\"><strong>Zapraszamy na testy sprawno\u015bciowe&nbsp;(w przyjaznej atmosferze, bez stresu!) ju\u017c w czwartek 12.02 o godz. 16:00 w Hali OSiR , Mosina, ul. Krasickiego 16 oraz na spotkanie informacyjne z dyrektorem szko\u0142y (Hala OSiR) podczas kt\u00f3rego:<\/strong><\/p>\n\n\n\n<ul class=\"wp-block-list\">\n<li>opowiemy o organizacji klasy sportowej,<\/li>\n\n\n\n<li>przedstawimy plan i zasady funkcjonowania,<\/li>\n\n\n\n<li>odpowiemy na wszystkie Pa\u0144stwa pytania.<\/li>\n<\/ul>\n\n\n\n<p>Na testy sprawno\u015bciowe dziecko musi posiada\u0107 str\u00f3j sportowy oraz buty sportowe zmienne. Poni\u017cej mo\u017cna pobra\u0107 o\u015bwiadczenie rodzica niezb\u0119dne, \u017ceby dziecko mog\u0142o uczestniczy\u0107 w testach sprawno\u015bci i ju\u017c wypisane zabra\u0107 ze sob\u0105. O\u015bwiadczenie b\u0119dzie r\u00f3wnie\u017c dost\u0119pne do wype\u0142nienia na miejscu.<\/p>\n\n\n\n<p>Serdecznie zapraszamy dzieci z pasj\u0105 do ruchu (lub takie, kt\u00f3re dopiero chc\u0105 j\u0105 w sobie odkry\u0107) \ud83d\ude42CZEKAMY NA WAS!<\/p>\n\n\n\n<figure class=\"wp-block-image size-large\"><img loading=\"lazy\" decoding=\"async\" width=\"724\" height=\"1024\" src=\"http:\/\/zskrosno.edu.pl\/wp-content\/uploads\/2026\/02\/NABOR-DO-KLASY-SPORTOWEJ-2627-724x1024.jpg\" alt=\"\" class=\"wp-image-1072\" srcset=\"https:\/\/zskrosno.edu.pl\/wp-content\/uploads\/2026\/02\/NABOR-DO-KLASY-SPORTOWEJ-2627-724x1024.jpg 724w, https:\/\/zskrosno.edu.pl\/wp-content\/uploads\/2026\/02\/NABOR-DO-KLASY-SPORTOWEJ-2627-212x300.jpg 212w, https:\/\/zskrosno.edu.pl\/wp-content\/uploads\/2026\/02\/NABOR-DO-KLASY-SPORTOWEJ-2627-768x1086.jpg 768w, https:\/\/zskrosno.edu.pl\/wp-content\/uploads\/2026\/02\/NABOR-DO-KLASY-SPORTOWEJ-2627-1086x1536.jpg 1086w, https:\/\/zskrosno.edu.pl\/wp-content\/uploads\/2026\/02\/NABOR-DO-KLASY-SPORTOWEJ-2627-1448x2048.jpg 1448w, https:\/\/zskrosno.edu.pl\/wp-content\/uploads\/2026\/02\/NABOR-DO-KLASY-SPORTOWEJ-2627-763x1080.jpg 763w, https:\/\/zskrosno.edu.pl\/wp-content\/uploads\/2026\/02\/NABOR-DO-KLASY-SPORTOWEJ-2627.jpg 1587w\" sizes=\"(max-width: 724px) 100vw, 724px\" \/><\/figure>\n\n\n\n<div data-wp-interactive=\"core\/file\" class=\"wp-block-file\"><object data-wp-bind--hidden=\"!state.hasPdfPreview\" hidden class=\"wp-block-file__embed\" data=\"http:\/\/zskrosno.edu.pl\/wp-content\/uploads\/2026\/02\/Zgoda-rodzica-testy-ZS-Krosno.pdf\" type=\"application\/pdf\" style=\"width:100%;height:600px\" aria-label=\"Osadzone z Zgoda rodzica, testy ZS Krosno.\"><\/object><a id=\"wp-block-file--media-583fa50b-b993-4b97-bb1a-f5b9b9868b11\" href=\"http:\/\/zskrosno.edu.pl\/wp-content\/uploads\/2026\/02\/Zgoda-rodzica-testy-ZS-Krosno.pdf\">Zgoda rodzica, testy ZS Krosno<\/a><a href=\"http:\/\/zskrosno.edu.pl\/wp-content\/uploads\/2026\/02\/Zgoda-rodzica-testy-ZS-Krosno.pdf\" class=\"wp-block-file__button wp-element-button\" download aria-describedby=\"wp-block-file--media-583fa50b-b993-4b97-bb1a-f5b9b9868b11\">Pobierz<\/a><\/div>\n\n\n\n<p class=\"has-text-align-center\"><strong>Harmonogram czynno\u015bci w post\u0119powaniu rekrutacyjnym&nbsp;<br>do pierwszej i czwartej klasy sportowej&nbsp;<br>w roku szkolnym 2025\/2026<\/strong><\/p>\n\n\n\n<figure class=\"wp-block-table\"><table class=\"has-fixed-layout\"><tbody><tr><td>L.p.<\/td><td>Czynno\u015bci rekrutacyjne<\/td><td>Termin w post\u0119powaniu rekrutacyjnym dla kandydat\u00f3w do kl. I<\/td><td>Termin w post\u0119powaniu rekrutacyjnym dla kandydat\u00f3w do kl. IV<\/td><\/tr><tr><td>2.<\/td><td>Przeprowadzenie test\u00f3w sprawno\u015bciowych.<\/td><td>12.02.2026 r., godz. 16:00<\/td><td>&nbsp;17.04.2026r.&nbsp;godz. 16:00<\/td><\/tr><tr><td>&nbsp;3.<\/td><td>Podanie do publicznej wiadomo\u015bci przez komisj\u0119 rekrutacyjn\u0105 listy kandydat\u00f3w zakwalifikowanych i niezakwalifikowanych do klasy sportowej.<\/td><td>do 18.02.2026 r.do godz. 13:00<\/td><td>do 24.04.2026 r.do godz. 13:00<\/td><\/tr><tr><td>&nbsp;4.<\/td><td>Z\u0142o\u017cenie wniosku o przyj\u0119cie do klasy sportowej.<\/td><td>od 03.03.2026r. do 24.03.2026 r. do godz. 13:00Poprzez system elektroniczny<\/td><td>od 04.05.2026r. do 15.05.2026 r. do godz. 13:00do sekretariatu szko\u0142y w formie papierowej<\/td><\/tr><tr><td>5.&nbsp;<\/td><td>Uzupe\u0142nienie wymaganych dokument\u00f3w<\/td><td>&#8211;<\/td><td>od 26.06.2026r. do 10.07.2026r.&nbsp;<\/td><\/tr><\/tbody><\/table><\/figure>\n\n\n\n<figure class=\"wp-block-image size-full is-resized\"><img loading=\"lazy\" decoding=\"async\" width=\"690\" height=\"844\" src=\"http:\/\/zskrosno.edu.pl\/wp-content\/uploads\/2026\/02\/Zrzut-ekranu-2026-02-6-o-06.17.45.png\" alt=\"\" class=\"wp-image-1077\" style=\"width:840px;height:auto\" srcset=\"https:\/\/zskrosno.edu.pl\/wp-content\/uploads\/2026\/02\/Zrzut-ekranu-2026-02-6-o-06.17.45.png 690w, https:\/\/zskrosno.edu.pl\/wp-content\/uploads\/2026\/02\/Zrzut-ekranu-2026-02-6-o-06.17.45-245x300.png 245w\" sizes=\"(max-width: 690px) 100vw, 690px\" \/><\/figure>\n","protected":false},"excerpt":{"rendered":"<p>Zapraszamy kandydat\u00f3w klas I, kt\u00f3rzy kochaj\u0105 sport, chc\u0105 rozwija\u0107 pasje i talenty.Gwarantujemy wykwalifikowan\u0105 kadr\u0119 i mn\u00f3stwo pozytywnej energii Zapraszamy kandydat\u00f3w do I klasy sportowej. Rusza nab\u00f3r na rok szkolny 2026\/2027.&nbsp;To [&hellip;]<\/p>\n","protected":false},"author":1,"featured_media":1074,"parent":0,"menu_order":0,"comment_status":"closed","ping_status":"closed","template":"","meta":{"saved_in_kubio":false,"_price":"","_stock":"","_tribe_ticket_header":"","_tribe_default_ticket_provider":"","_ticket_start_date":"","_ticket_end_date":"","_tribe_ticket_show_description":"","_tribe_ticket_show_not_going":false,"_tribe_ticket_use_global_stock":"","_tribe_ticket_global_stock_level":"","_global_stock_mode":"","_global_stock_cap":"","_tribe_rsvp_for_event":"","_tribe_ticket_going_count":"","_tribe_ticket_not_going_count":"","_tribe_tickets_list":"[]","_tribe_ticket_has_attendee_info_fields":false,"footnotes":"","_tec_slr_enabled":"","_tec_slr_layout":""},"class_list":["post-1071","page","type-page","status-publish","has-post-thumbnail","hentry"],"kubio_ai_page_context":{"short_desc":"","purpose":"general"},"ticketed":false,"_links":{"self":[{"href":"https:\/\/zskrosno.edu.pl\/index.php?rest_route=\/wp\/v2\/pages\/1071","targetHints":{"allow":["GET"]}}],"collection":[{"href":"https:\/\/zskrosno.edu.pl\/index.php?rest_route=\/wp\/v2\/pages"}],"about":[{"href":"https:\/\/zskrosno.edu.pl\/index.php?rest_route=\/wp\/v2\/types\/page"}],"author":[{"embeddable":true,"href":"https:\/\/zskrosno.edu.pl\/index.php?rest_route=\/wp\/v2\/users\/1"}],"replies":[{"embeddable":true,"href":"https:\/\/zskrosno.edu.pl\/index.php?rest_route=%2Fwp%2Fv2%2Fcomments&post=1071"}],"version-history":[{"count":5,"href":"https:\/\/zskrosno.edu.pl\/index.php?rest_route=\/wp\/v2\/pages\/1071\/revisions"}],"predecessor-version":[{"id":1214,"href":"https:\/\/zskrosno.edu.pl\/index.php?rest_route=\/wp\/v2\/pages\/1071\/revisions\/1214"}],"wp:featuredmedia":[{"embeddable":true,"href":"https:\/\/zskrosno.edu.pl\/index.php?rest_route=\/wp\/v2\/media\/1074"}],"wp:attachment":[{"href":"https:\/\/zskrosno.edu.pl\/index.php?rest_route=%2Fwp%2Fv2%2Fmedia&parent=1071"}],"curies":[{"name":"wp","href":"https:\/\/api.w.org\/{rel}","templated":true}]}}