{"id":267,"date":"2025-08-25T10:03:19","date_gmt":"2025-08-25T10:03:19","guid":{"rendered":"http:\/\/zskrosno.edu.pl\/?page_id=267"},"modified":"2025-09-06T12:30:01","modified_gmt":"2025-09-06T12:30:01","slug":"klasy-sportowe","status":"publish","type":"page","link":"https:\/\/zskrosno.edu.pl\/?page_id=267","title":{"rendered":"Klasy sportowe"},"content":{"rendered":"\n<figure class=\"wp-block-embed is-type-video is-provider-youtube wp-block-embed-youtube wp-embed-aspect-16-9 wp-has-aspect-ratio\"><div class=\"wp-block-embed__wrapper\">\n<iframe loading=\"lazy\" title=\"Zesp\u00f3\u0142 Szk\u00f3\u0142 w Kro\u015bnie klasy sportowe\" width=\"500\" height=\"281\" src=\"https:\/\/www.youtube.com\/embed\/R88jjROYpyc?feature=oembed\" frameborder=\"0\" allow=\"accelerometer; autoplay; clipboard-write; encrypted-media; gyroscope; picture-in-picture; web-share\" referrerpolicy=\"strict-origin-when-cross-origin\" allowfullscreen><\/iframe>\n<\/div><\/figure>\n\n\n\n<p>Dzi\u0119kujemy za udzia\u0142 w rekrutacji do klas sportowych. <\/p>\n\n\n\n<p>Cieszymy si\u0119, \u017ce do\u0142\u0105czyli\u015bcie do naszego zespo\u0142u, czeka na Was wiele sportowych i edukacyjnych wra\u017ce\u0144.<\/p>\n\n\n\n\n\n<p>Nasz sportowa kadra<\/p>\n","protected":false},"excerpt":{"rendered":"<p>Dzi\u0119kujemy za udzia\u0142 w rekrutacji do klas sportowych. Cieszymy si\u0119, \u017ce do\u0142\u0105czyli\u015bcie do naszego zespo\u0142u, czeka na Was wiele sportowych i edukacyjnych wra\u017ce\u0144. Nasz sportowa kadra<\/p>\n","protected":false},"author":1,"featured_media":0,"parent":0,"menu_order":0,"comment_status":"closed","ping_status":"closed","template":"","meta":{"saved_in_kubio":false,"_price":"","_stock":"","_tribe_ticket_header":"","_tribe_default_ticket_provider":"","_ticket_start_date":"","_ticket_end_date":"","_tribe_ticket_show_description":"","_tribe_ticket_show_not_going":false,"_tribe_ticket_use_global_stock":"","_tribe_ticket_global_stock_level":"","_global_stock_mode":"","_global_stock_cap":"","_tribe_rsvp_for_event":"","_tribe_ticket_going_count":"","_tribe_ticket_not_going_count":"","_tribe_tickets_list":"[]","_tribe_ticket_has_attendee_info_fields":false,"footnotes":"","_tec_slr_enabled":"","_tec_slr_layout":""},"class_list":["post-267","page","type-page","status-publish","hentry"],"kubio_ai_page_context":{"short_desc":"","purpose":"general"},"ticketed":false,"_links":{"self":[{"href":"https:\/\/zskrosno.edu.pl\/index.php?rest_route=\/wp\/v2\/pages\/267","targetHints":{"allow":["GET"]}}],"collection":[{"href":"https:\/\/zskrosno.edu.pl\/index.php?rest_route=\/wp\/v2\/pages"}],"about":[{"href":"https:\/\/zskrosno.edu.pl\/index.php?rest_route=\/wp\/v2\/types\/page"}],"author":[{"embeddable":true,"href":"https:\/\/zskrosno.edu.pl\/index.php?rest_route=\/wp\/v2\/users\/1"}],"replies":[{"embeddable":true,"href":"https:\/\/zskrosno.edu.pl\/index.php?rest_route=%2Fwp%2Fv2%2Fcomments&post=267"}],"version-history":[{"count":8,"href":"https:\/\/zskrosno.edu.pl\/index.php?rest_route=\/wp\/v2\/pages\/267\/revisions"}],"predecessor-version":[{"id":581,"href":"https:\/\/zskrosno.edu.pl\/index.php?rest_route=\/wp\/v2\/pages\/267\/revisions\/581"}],"wp:attachment":[{"href":"https:\/\/zskrosno.edu.pl\/index.php?rest_route=%2Fwp%2Fv2%2Fmedia&parent=267"}],"curies":[{"name":"wp","href":"https:\/\/api.w.org\/{rel}","templated":true}]}}