{"id":37,"date":"2025-06-09T09:05:11","date_gmt":"2025-06-09T09:05:11","guid":{"rendered":"https:\/\/zskrosno.edu.pl\/?page_id=37"},"modified":"2025-09-02T13:13:34","modified_gmt":"2025-09-02T13:13:34","slug":"kontakt","status":"publish","type":"page","link":"https:\/\/zskrosno.edu.pl\/?page_id=37","title":{"rendered":"Kontakt"},"content":{"rendered":"\n<div class=\"wp-block-columns is-layout-flex wp-container-core-columns-is-layout-28f84493 wp-block-columns-is-layout-flex\">\n<div class=\"wp-block-column is-layout-flow wp-block-column-is-layout-flow\" style=\"flex-basis:100%\">\n<h3 class=\"wp-block-heading\"><strong>Zesp\u00f3\u0142 Szk\u00f3\u0142 w Kro\u015bnie<\/strong><\/h3>\n\n\n\n<iframe src=\"https:\/\/www.google.com\/maps\/embed?pb=!1m18!1m12!1m3!1d2443.5549229414764!2d16.828067812417235!3d52.233303557299095!2m3!1f0!2f0!3f0!3m2!1i1024!2i768!4f13.1!3m3!1m2!1s0x470452676b94f96f%3A0x16ff937383c4d9de!2zWmVzcMOzxYIgU3prw7PFgiB3IEtyb8WbbmllIGltLiAxNSBQdcWCa3UgVcWCYW7Ds3cgUG96bmHFhHNraWNo!5e0!3m2!1spl!2spl!4v1756205649973!5m2!1spl!2spl\" width=\"600\" height=\"450\" style=\"border:0;\" allowfullscreen=\"\" loading=\"lazy\" referrerpolicy=\"no-referrer-when-downgrade\"><\/iframe>\n\n\n\n<p>62-050 Mosina\u2028 ul. G\u0142\u00f3wna 43, Krosno<br>tel. 618 132&nbsp;381<br>e-mail:&nbsp;<a href=\"mailto:sekretariat@zskrosno.pl\">sekretariat@zskrosno.pl<\/a><\/p>\n\n\n\n<p>Sekretariat czynny:<br>Poniedzia\u0142ek \u2013 Pi\u0105tek 7:00 \u2013 15:00<br><\/p>\n<\/div>\n<\/div>\n\n\n\n<p><\/p>\n","protected":false},"excerpt":{"rendered":"<p>Zesp\u00f3\u0142 Szk\u00f3\u0142 w Kro\u015bnie 62-050 Mosina\u2028 ul. G\u0142\u00f3wna 43, Krosnotel. 618 132&nbsp;381e-mail:&nbsp;sekretariat@zskrosno.pl Sekretariat czynny:Poniedzia\u0142ek \u2013 Pi\u0105tek 7:00 \u2013 15:00<\/p>\n","protected":false},"author":1,"featured_media":0,"parent":0,"menu_order":0,"comment_status":"closed","ping_status":"closed","template":"full-width","meta":{"saved_in_kubio":true,"_price":"","_stock":"","_tribe_ticket_header":"","_tribe_default_ticket_provider":"","_ticket_start_date":"","_ticket_end_date":"","_tribe_ticket_show_description":"","_tribe_ticket_show_not_going":false,"_tribe_ticket_use_global_stock":"","_tribe_ticket_global_stock_level":"","_global_stock_mode":"","_global_stock_cap":"","_tribe_rsvp_for_event":"","_tribe_ticket_going_count":"","_tribe_ticket_not_going_count":"","_tribe_tickets_list":"[]","_tribe_ticket_has_attendee_info_fields":false,"footnotes":"","_tec_slr_enabled":"","_tec_slr_layout":""},"class_list":["post-37","page","type-page","status-publish","hentry"],"kubio_ai_page_context":{"short_desc":"","purpose":"general"},"ticketed":false,"_links":{"self":[{"href":"https:\/\/zskrosno.edu.pl\/index.php?rest_route=\/wp\/v2\/pages\/37","targetHints":{"allow":["GET"]}}],"collection":[{"href":"https:\/\/zskrosno.edu.pl\/index.php?rest_route=\/wp\/v2\/pages"}],"about":[{"href":"https:\/\/zskrosno.edu.pl\/index.php?rest_route=\/wp\/v2\/types\/page"}],"author":[{"embeddable":true,"href":"https:\/\/zskrosno.edu.pl\/index.php?rest_route=\/wp\/v2\/users\/1"}],"replies":[{"embeddable":true,"href":"https:\/\/zskrosno.edu.pl\/index.php?rest_route=%2Fwp%2Fv2%2Fcomments&post=37"}],"version-history":[{"count":12,"href":"https:\/\/zskrosno.edu.pl\/index.php?rest_route=\/wp\/v2\/pages\/37\/revisions"}],"predecessor-version":[{"id":555,"href":"https:\/\/zskrosno.edu.pl\/index.php?rest_route=\/wp\/v2\/pages\/37\/revisions\/555"}],"wp:attachment":[{"href":"https:\/\/zskrosno.edu.pl\/index.php?rest_route=%2Fwp%2Fv2%2Fmedia&parent=37"}],"curies":[{"name":"wp","href":"https:\/\/api.w.org\/{rel}","templated":true}]}}