{"id":587,"date":"2025-09-12T08:48:41","date_gmt":"2025-09-12T08:48:41","guid":{"rendered":"http:\/\/zskrosno.edu.pl\/?page_id=587"},"modified":"2025-09-12T08:57:38","modified_gmt":"2025-09-12T08:57:38","slug":"kalendarz-roku-szkolnego-2025-2026","status":"publish","type":"page","link":"https:\/\/zskrosno.edu.pl\/?page_id=587","title":{"rendered":"Kalendarz roku szkolnego 2025\/2026"},"content":{"rendered":"\n<figure class=\"wp-block-table\"><table class=\"has-fixed-layout\"><tbody><tr><td>Ferie \u015bwi\u0105teczne<\/td><td>22 &#8211; 31 grudnia 2025 roku<\/td><\/tr><tr><td>Ferie zimowe<\/td><td>16 lutego &#8211; 1 marca 2026 roku<\/td><\/tr><tr><td>Wiosenna przerwa \u015bwi\u0105teczna<\/td><td>2 &#8211; 7 kwietnia 2026 roku<\/td><\/tr><tr><td>Egzamin \u00f3smoklasisty<\/td><td>11 &#8211; 13 maja 2026 roku<\/td><\/tr><tr><td>Zako\u0144czenie zaj\u0119\u0107 dydaktyczno- wychowawczych\u00a0<\/td><td>26 czerwca 2026 roku<\/td><\/tr><\/tbody><\/table><\/figure>\n\n\n\n<figure class=\"wp-block-table\"><table class=\"has-fixed-layout\"><tbody><tr><td>Dodatkowe dni wolne od\u00a0<strong>zaj\u0119\u0107 dydaktycznych<\/strong><br>zgodnie z rozporz\u0105dzeniem w sprawie organizacji roku szkolnego (po zaopiniowaniu przez RP, RR i SU)<\/td><td>13 pa\u017adziernika 2025 roku<br>10 listopada 2025 roku<br>11 &#8211; 13 maja 2026 roku (egzamin \u00f3smoklasisty)<br>2 stycznia 2026 roku<br>5 stycznia 2026 roku<br>5 czerwca 2026 roku<\/td><\/tr><\/tbody><\/table><\/figure>\n","protected":false},"excerpt":{"rendered":"<p>Ferie \u015bwi\u0105teczne 22 &#8211; 31 grudnia 2025 roku Ferie zimowe 16 lutego &#8211; 1 marca 2026 roku Wiosenna przerwa \u015bwi\u0105teczna 2 &#8211; 7 kwietnia 2026 roku Egzamin \u00f3smoklasisty 11 &#8211; [&hellip;]<\/p>\n","protected":false},"author":1,"featured_media":0,"parent":0,"menu_order":0,"comment_status":"closed","ping_status":"closed","template":"","meta":{"saved_in_kubio":false,"_price":"","_stock":"","_tribe_ticket_header":"","_tribe_default_ticket_provider":"","_ticket_start_date":"","_ticket_end_date":"","_tribe_ticket_show_description":"","_tribe_ticket_show_not_going":false,"_tribe_ticket_use_global_stock":"","_tribe_ticket_global_stock_level":"","_global_stock_mode":"","_global_stock_cap":"","_tribe_rsvp_for_event":"","_tribe_ticket_going_count":"","_tribe_ticket_not_going_count":"","_tribe_tickets_list":"[]","_tribe_ticket_has_attendee_info_fields":false,"footnotes":"","_tec_slr_enabled":"","_tec_slr_layout":""},"class_list":["post-587","page","type-page","status-publish","hentry"],"kubio_ai_page_context":{"short_desc":"","purpose":"general"},"ticketed":false,"_links":{"self":[{"href":"https:\/\/zskrosno.edu.pl\/index.php?rest_route=\/wp\/v2\/pages\/587","targetHints":{"allow":["GET"]}}],"collection":[{"href":"https:\/\/zskrosno.edu.pl\/index.php?rest_route=\/wp\/v2\/pages"}],"about":[{"href":"https:\/\/zskrosno.edu.pl\/index.php?rest_route=\/wp\/v2\/types\/page"}],"author":[{"embeddable":true,"href":"https:\/\/zskrosno.edu.pl\/index.php?rest_route=\/wp\/v2\/users\/1"}],"replies":[{"embeddable":true,"href":"https:\/\/zskrosno.edu.pl\/index.php?rest_route=%2Fwp%2Fv2%2Fcomments&post=587"}],"version-history":[{"count":3,"href":"https:\/\/zskrosno.edu.pl\/index.php?rest_route=\/wp\/v2\/pages\/587\/revisions"}],"predecessor-version":[{"id":591,"href":"https:\/\/zskrosno.edu.pl\/index.php?rest_route=\/wp\/v2\/pages\/587\/revisions\/591"}],"wp:attachment":[{"href":"https:\/\/zskrosno.edu.pl\/index.php?rest_route=%2Fwp%2Fv2%2Fmedia&parent=587"}],"curies":[{"name":"wp","href":"https:\/\/api.w.org\/{rel}","templated":true}]}}