{"id":954,"date":"2025-11-17T08:48:59","date_gmt":"2025-11-17T08:48:59","guid":{"rendered":"http:\/\/zskrosno.edu.pl\/?page_id=954"},"modified":"2025-11-17T08:51:32","modified_gmt":"2025-11-17T08:51:32","slug":"dokumenty","status":"publish","type":"page","link":"https:\/\/zskrosno.edu.pl\/?page_id=954","title":{"rendered":"Prawo szkolne"},"content":{"rendered":"\n<div class=\"wp-block-file\"><a id=\"wp-block-file--media-8a1215a8-9a70-402d-8ef2-f541960e8963\" href=\"http:\/\/zskrosno.edu.pl\/wp-content\/uploads\/2025\/11\/Regulamin-oceniania-zachowania-w-Zespole-Szkol-w-Krosnie.pdf\">Regulamin oceniania zachowania w Zespole Szk\u00f3\u0142 w Kro\u015bnie<\/a><a href=\"http:\/\/zskrosno.edu.pl\/wp-content\/uploads\/2025\/11\/Regulamin-oceniania-zachowania-w-Zespole-Szkol-w-Krosnie.pdf\" class=\"wp-block-file__button wp-element-button\" download aria-describedby=\"wp-block-file--media-8a1215a8-9a70-402d-8ef2-f541960e8963\">Pobierz<\/a><\/div>\n\n\n\n<div class=\"wp-block-file\"><a id=\"wp-block-file--media-b91399ab-b450-4ab9-90ca-2dd11e60321b\" href=\"http:\/\/zskrosno.edu.pl\/wp-content\/uploads\/2025\/11\/Standardy-Ochrony-Maloletnich-w-Zespole-Szkol-w-Krosnie-podstawowe-procedury-postepowania.pdf\">Standardy Ochrony Ma\u0142oletnich w Zespole Szk\u00f3\u0142 w Kro\u015bnie    podstawowe procedury post\u0119powania<\/a><a href=\"http:\/\/zskrosno.edu.pl\/wp-content\/uploads\/2025\/11\/Standardy-Ochrony-Maloletnich-w-Zespole-Szkol-w-Krosnie-podstawowe-procedury-postepowania.pdf\" class=\"wp-block-file__button wp-element-button\" download aria-describedby=\"wp-block-file--media-b91399ab-b450-4ab9-90ca-2dd11e60321b\">Pobierz<\/a><\/div>\n","protected":false},"excerpt":{"rendered":"","protected":false},"author":1,"featured_media":0,"parent":0,"menu_order":0,"comment_status":"closed","ping_status":"closed","template":"","meta":{"saved_in_kubio":false,"_price":"","_stock":"","_tribe_ticket_header":"","_tribe_default_ticket_provider":"","_ticket_start_date":"","_ticket_end_date":"","_tribe_ticket_show_description":"","_tribe_ticket_show_not_going":false,"_tribe_ticket_use_global_stock":"","_tribe_ticket_global_stock_level":"","_global_stock_mode":"","_global_stock_cap":"","_tribe_rsvp_for_event":"","_tribe_ticket_going_count":"","_tribe_ticket_not_going_count":"","_tribe_tickets_list":"[]","_tribe_ticket_has_attendee_info_fields":false,"footnotes":"","_tec_slr_enabled":"","_tec_slr_layout":""},"class_list":["post-954","page","type-page","status-publish","hentry"],"kubio_ai_page_context":{"short_desc":"","purpose":"general"},"ticketed":false,"_links":{"self":[{"href":"https:\/\/zskrosno.edu.pl\/index.php?rest_route=\/wp\/v2\/pages\/954","targetHints":{"allow":["GET"]}}],"collection":[{"href":"https:\/\/zskrosno.edu.pl\/index.php?rest_route=\/wp\/v2\/pages"}],"about":[{"href":"https:\/\/zskrosno.edu.pl\/index.php?rest_route=\/wp\/v2\/types\/page"}],"author":[{"embeddable":true,"href":"https:\/\/zskrosno.edu.pl\/index.php?rest_route=\/wp\/v2\/users\/1"}],"replies":[{"embeddable":true,"href":"https:\/\/zskrosno.edu.pl\/index.php?rest_route=%2Fwp%2Fv2%2Fcomments&post=954"}],"version-history":[{"count":3,"href":"https:\/\/zskrosno.edu.pl\/index.php?rest_route=\/wp\/v2\/pages\/954\/revisions"}],"predecessor-version":[{"id":958,"href":"https:\/\/zskrosno.edu.pl\/index.php?rest_route=\/wp\/v2\/pages\/954\/revisions\/958"}],"wp:attachment":[{"href":"https:\/\/zskrosno.edu.pl\/index.php?rest_route=%2Fwp%2Fv2%2Fmedia&parent=954"}],"curies":[{"name":"wp","href":"https:\/\/api.w.org\/{rel}","templated":true}]}}